{"id":687,"date":"2020-07-25T11:35:41","date_gmt":"2020-07-25T11:35:41","guid":{"rendered":"http:\/\/rcml.de\/?page_id=687"},"modified":"2020-07-27T19:02:59","modified_gmt":"2020-07-27T18:02:59","slug":"rc-cars","status":"publish","type":"page","link":"http:\/\/rcml.de\/es\/rc-cars","title":{"rendered":"radio control"},"content":{"rendered":"<p style=\"text-align: center;\"><\/p>\n<p>Adem\u00e1s de un dron y un mini helic\u00f3ptero, el Porsche Carrera S controlado por radio se mueve en paralelo a la conducci\u00f3n en pista en la pista. La adquisici\u00f3n de repuestos es muy dif\u00edcil, pero hay mucho espacio en la ruta plana en nuestra \u00e1rea de asentamiento.<\/p>\n<p>\u00a1Las partes interesadas pueden contactarnos!<\/p>","protected":false},"excerpt":{"rendered":"<p>Zus\u00e4tzlich zu einer Drohne und einem Mini-Helikopter wird parallel zum spurgebundenen Fahren auf der Rennbahn auch der funkferngesteuerte Porsche Carrera S bewegt. Die Ersatzteilbeschaffung ist sehr schwierig, daf\u00fcr ist in unserem Siedlungsgebiet eine Menge Platz auf ebener Strecke. Interessierte k\u00f6nnen sich gerne melden!<\/p>","protected":false},"author":1,"featured_media":0,"parent":0,"menu_order":0,"comment_status":"closed","ping_status":"closed","template":"","meta":{"footnotes":""},"_links":{"self":[{"href":"http:\/\/rcml.de\/es\/wp-json\/wp\/v2\/pages\/687"}],"collection":[{"href":"http:\/\/rcml.de\/es\/wp-json\/wp\/v2\/pages"}],"about":[{"href":"http:\/\/rcml.de\/es\/wp-json\/wp\/v2\/types\/page"}],"author":[{"embeddable":true,"href":"http:\/\/rcml.de\/es\/wp-json\/wp\/v2\/users\/1"}],"replies":[{"embeddable":true,"href":"http:\/\/rcml.de\/es\/wp-json\/wp\/v2\/comments?post=687"}],"version-history":[{"count":3,"href":"http:\/\/rcml.de\/es\/wp-json\/wp\/v2\/pages\/687\/revisions"}],"predecessor-version":[{"id":790,"href":"http:\/\/rcml.de\/es\/wp-json\/wp\/v2\/pages\/687\/revisions\/790"}],"wp:attachment":[{"href":"http:\/\/rcml.de\/es\/wp-json\/wp\/v2\/media?parent=687"}],"curies":[{"name":"wp","href":"https:\/\/api.w.org\/{rel}","templated":true}]}}

<p style="text-align: center;"></p>
<p>Además de un dron y un mini helicóptero, el Porsche Carrera S controlado por radio se mueve en paralelo a la conducción en pista en la pista. La adquisición de repuestos es muy difícil, pero hay mucho espacio en la ruta plana en nuestra área de asentamiento.</p>
<p>¡Las partes interesadas pueden contactarnos!</p>

<p>Zusätzlich zu einer Drohne und einem Mini-Helikopter wird parallel zum spurgebundenen Fahren auf der Rennbahn auch der funkferngesteuerte Porsche Carrera S bewegt. Die Ersatzteilbeschaffung ist sehr schwierig, dafür ist in unserem Siedlungsgebiet eine Menge Platz auf ebener Strecke. Interessierte können sich gerne melden!</p>
