{"id":42,"date":"2018-01-24T14:35:43","date_gmt":"2018-01-24T14:35:43","guid":{"rendered":"http:\/\/rcml.de\/?page_id=42"},"modified":"2020-07-23T16:44:32","modified_gmt":"2020-07-23T16:44:32","slug":"das-erste-jahr-auf-der-insel","status":"publish","type":"page","link":"http:\/\/rcml.de\/es\/das-erste-jahr-auf-der-insel","title":{"rendered":"el primero a\u00f1o"},"content":{"rendered":"<p>Im Winter 2016\/2017 sind wir bei 25 Grad gelandet, genauer gesagt am 6.1.2017. Seitdem hatten wir im Sommer maximal 32 Grad, oft jedoch angenehme 28 Grad im Schatten und immer leichten Wind vom Atlantik. Nun geht es von vorne los, die Temperaturen sind identisch wie letztes Jahr. Aber okay, das wussten wir ja im Vorfeld. Schliesslich war das einer der Gr\u00fcnde, warum die Wahl unseres Auswanderungsziels auf Teneriffa fiel, das Klima ist einfach das ganze Jahr \u00fcber gleichbleibend toll. Es ist sch\u00f6n, dass am 6. Januar die Sonne scheint, keine Wolke am Himmel ist und man sich in der Sonne immer noch einen Sonnenbrand einf\u00e4ngt, wenn man nicht aufpasst <span class=\"_47e3 _5mfr\" title=\"\u201ewink\u201c-Emoticon\"><span class=\"_7oe\" aria-hidden=\"true\">\ud83d\ude09<\/span><\/span> Die Kleidung besteht grunds\u00e4tzlich nur aus leichten Sommersachen, i.d.R. eigentlich nur aus Badesachen. Ganz selten f\u00e4llt die Wahl auf ein T-Shirt oder festes Schuhwerk. Zusammengerechnet hatten wir in 12 Monaten nicht ganz 8 (acht) Stunden Regen zu erdulden, im Fr\u00fchjahr regnete es davon sogar durchgehend 3 Stunden an einem einzigen Tag <span class=\"_47e3 _5mfr\" title=\"\u201efrown\u201c-Emoticon\"><span class=\"_7oe\" aria-hidden=\"true\">\ud83d\ude41<\/span><\/span><\/p>\n<p>Die Aussicht ist toll, jeden Morgen der Blick aus dem Fenster auf das Meer und ab und an (bei fr\u00fchzeitigem Aufstehen) k\u00f6nnen wir den Sonnenaufgang hinter Gran Canaria beobachten. Manchmal f\u00e4hrt auch ein Schiff nahe an der K\u00fcste vorbei, mal ist es ein Containerschiff, mal ein Kreuzfahrtschiff (nachts mit voller Beleuchtung), mal eine Yacht oder auch nur kleine Fischerboote bei der Arbeit. Stundenlang kann man ihnen zusehen, genau wie den mehr oder weniger heftigen, aber immerblauen Meereswellen. Sehr entspannend!<\/p>\n<p>Rund ums Haus ist mittlerweile alles so, wie wir es haben wollen. Mit vielen Liege- und Sitzgelegenheiten, etwas Rasen, einiger Bepflanzung und 200qm Terrasse, die teilweise \u00fcberdacht ist und ganz wichtig nat\u00fcrlich, eine Sportecke mit K\u00fchlschrank, Grill und TV f\u00fcr Fussball, Tennis und Formel-1 <span class=\"_47e3 _5mfr\" title=\"\u201esmile\u201c-Emoticon\"><span class=\"_7oe\" aria-hidden=\"true\">\ud83d\ude42<\/span><\/span><br>Wir haben im Ort auch bereits einige Freundschaften geschlossen. Manche sind Deutsche, die hier 2 bis 6 Monate \u00fcberwintern, andere wiederum haben wie wir ihren festen Wohnsitz auf Teneriffa. Aber auch Einheimische aus dem Dorf geh\u00f6ren seit einiger Zeit zu unserem erweiterten Bekanntenkreis.<\/p>\n<p>Kurz gesagt, wir haben uns hier sehr gut eingelebt. Die Insel hat alles, was wir ben\u00f6tigen und bietet trotz ihrer relativ kleinen Fl\u00e4che (fast so gross wie das Saarland) gen\u00fcgend Freiraum um Unternehmungen zu starten, sei es an der K\u00fcste oder in den Bergen. F\u00fcr jeden ist etwas dabei, es gibt jede Menge Einkaufszentren, Trubel in den Tourimusgegenden, Sportm\u00f6glichkeiten, Ausflugziele und Kultur ohne Ende. Auch die typisch kanarische Lebensart kommt nicht zu kurz. Zudem hat jedes Dorf seine eigenen Feiertage und somit sind \u00fcber das ganze Jahr hinweg fast an jedem Wochenende Fiestas angesagt, die durch die Karnevalsumz\u00fcge, Osterfeste und Weihnachtsfeierlichkeiten sogar noch getoppt werden.<\/p>\n<p>Viele Verwandte, Freunde und Bekannte kamen uns in den 12 Monaten besuchen, einige blieben 2 Wochen, andere nur ein paar Stunden. Trotzdem war die Freude immer gross, mal wieder jemanden aus der alten Heimat zu sehen um zu reden, zu lachen und ein paar Neuigkeiten zu h\u00f6ren. Aus diesem Grund geht ein super herzliches Dankesch\u00f6n an alle, die die Strapazen auf sich nahmen und die Zeit (und Geld) investierten um hier bei uns zu sein oder die sich einfach mal nur per FaceBook, WhatsApp oder sonstwie meldeten und damit zeigten, dass wir immer noch miteinander in Kontakt stehen.<\/p>\n<p>Viel haben wir seit Anfang 2017 auf der Insel unternommen, von Ost nach West, von S\u00fcd nach Nord. Die wichtigsten und bedeutendsten Punkte haben wir 2017 bereits angefahren, 2018 werden wir uns vermutlich mehr ums Detail k\u00fcmmern um Fauna, Flora und die Menschen noch besser kennenzulernen. Trotzdem haben wir vieles noch \u00fcberhaupt nicht gesehen, das wollen und werden wir mit der Zeit nachholen. Viele haben sich unsere Beitr\u00e4ge hier auf der Seite angesehen und unsere Aktivit\u00e4ten verfolgt. Einige unserer Leser haben sich auch aktiv daran beteiligt durch Likes oder sogar mit Kommentaren. Unsere Foto- und Textbeitr\u00e4ge erreichen meist mehr als 1.000 Personen, das finden wir super klasse! Danke! Ganz klar ein Grund daf\u00fcr, dass wir die Seite auch in diesem Jahr fortf\u00fchren werden.<\/p>\n<p style=\"text-align: center;\"><\/p>","protected":false},"excerpt":{"rendered":"<p>Im Winter 2016\/2017 sind wir bei 25 Grad gelandet, genauer gesagt am 6.1.2017. Seitdem hatten wir im Sommer maximal 32 Grad, oft jedoch angenehme 28 Grad im Schatten und immer leichten Wind vom Atlantik. Nun geht es von vorne los, die Temperaturen sind identisch wie letztes Jahr. Aber okay, das wussten wir ja im Vorfeld. &#8230; <a title=\"el primero a\u00f1o\" class=\"read-more\" href=\"http:\/\/rcml.de\/es\/das-erste-jahr-auf-der-insel\" aria-label=\"Leer m\u00e1s sobre Das erste Jahr auf der Insel\">Leer m\u00e1s<\/a><\/p>","protected":false},"author":1,"featured_media":0,"parent":0,"menu_order":0,"comment_status":"closed","ping_status":"closed","template":"","meta":{"footnotes":""},"_links":{"self":[{"href":"http:\/\/rcml.de\/es\/wp-json\/wp\/v2\/pages\/42"}],"collection":[{"href":"http:\/\/rcml.de\/es\/wp-json\/wp\/v2\/pages"}],"about":[{"href":"http:\/\/rcml.de\/es\/wp-json\/wp\/v2\/types\/page"}],"author":[{"embeddable":true,"href":"http:\/\/rcml.de\/es\/wp-json\/wp\/v2\/users\/1"}],"replies":[{"embeddable":true,"href":"http:\/\/rcml.de\/es\/wp-json\/wp\/v2\/comments?post=42"}],"version-history":[{"count":3,"href":"http:\/\/rcml.de\/es\/wp-json\/wp\/v2\/pages\/42\/revisions"}],"predecessor-version":[{"id":452,"href":"http:\/\/rcml.de\/es\/wp-json\/wp\/v2\/pages\/42\/revisions\/452"}],"wp:attachment":[{"href":"http:\/\/rcml.de\/es\/wp-json\/wp\/v2\/media?parent=42"}],"curies":[{"name":"wp","href":"https:\/\/api.w.org\/{rel}","templated":true}]}}

el primero año

<p>Im Winter 2016/2017 sind wir bei 25 Grad gelandet, genauer gesagt am 6.1.2017. Seitdem hatten wir im Sommer maximal 32 Grad, oft jedoch angenehme 28 Grad im Schatten und immer leichten Wind vom Atlantik. Nun geht es von vorne los, die Temperaturen sind identisch wie letztes Jahr. Aber okay, das wussten wir ja im Vorfeld. Schliesslich war das einer der Gründe, warum die Wahl unseres Auswanderungsziels auf Teneriffa fiel, das Klima ist einfach das ganze Jahr über gleichbleibend toll. Es ist schön, dass am 6. Januar die Sonne scheint, keine Wolke am Himmel ist und man sich in der Sonne immer noch einen Sonnenbrand einfängt, wenn man nicht aufpasst <span class="_47e3 _5mfr" title="„wink“-Emoticon"><span class="_7oe" aria-hidden="true">😉</span></span> Die Kleidung besteht grundsätzlich nur aus leichten Sommersachen, i.d.R. eigentlich nur aus Badesachen. Ganz selten fällt die Wahl auf ein T-Shirt oder festes Schuhwerk. Zusammengerechnet hatten wir in 12 Monaten nicht ganz 8 (acht) Stunden Regen zu erdulden, im Frühjahr regnete es davon sogar durchgehend 3 Stunden an einem einzigen Tag <span class="_47e3 _5mfr" title="„frown“-Emoticon"><span class="_7oe" aria-hidden="true">🙁</span></span></p>
<p>Die Aussicht ist toll, jeden Morgen der Blick aus dem Fenster auf das Meer und ab und an (bei frühzeitigem Aufstehen) können wir den Sonnenaufgang hinter Gran Canaria beobachten. Manchmal fährt auch ein Schiff nahe an der Küste vorbei, mal ist es ein Containerschiff, mal ein Kreuzfahrtschiff (nachts mit voller Beleuchtung), mal eine Yacht oder auch nur kleine Fischerboote bei der Arbeit. Stundenlang kann man ihnen zusehen, genau wie den mehr oder weniger heftigen, aber immerblauen Meereswellen. Sehr entspannend!</p>
<p>Rund ums Haus ist mittlerweile alles so, wie wir es haben wollen. Mit vielen Liege- und Sitzgelegenheiten, etwas Rasen, einiger Bepflanzung und 200qm Terrasse, die teilweise überdacht ist und ganz wichtig natürlich, eine Sportecke mit Kühlschrank, Grill und TV für Fussball, Tennis und Formel-1 <span class="_47e3 _5mfr" title="„smile“-Emoticon"><span class="_7oe" aria-hidden="true">🙂</span></span><br>Wir haben im Ort auch bereits einige Freundschaften geschlossen. Manche sind Deutsche, die hier 2 bis 6 Monate überwintern, andere wiederum haben wie wir ihren festen Wohnsitz auf Teneriffa. Aber auch Einheimische aus dem Dorf gehören seit einiger Zeit zu unserem erweiterten Bekanntenkreis.</p>
<p>Kurz gesagt, wir haben uns hier sehr gut eingelebt. Die Insel hat alles, was wir benötigen und bietet trotz ihrer relativ kleinen Fläche (fast so gross wie das Saarland) genügend Freiraum um Unternehmungen zu starten, sei es an der Küste oder in den Bergen. Für jeden ist etwas dabei, es gibt jede Menge Einkaufszentren, Trubel in den Tourimusgegenden, Sportmöglichkeiten, Ausflugziele und Kultur ohne Ende. Auch die typisch kanarische Lebensart kommt nicht zu kurz. Zudem hat jedes Dorf seine eigenen Feiertage und somit sind über das ganze Jahr hinweg fast an jedem Wochenende Fiestas angesagt, die durch die Karnevalsumzüge, Osterfeste und Weihnachtsfeierlichkeiten sogar noch getoppt werden.</p>
<p>Viele Verwandte, Freunde und Bekannte kamen uns in den 12 Monaten besuchen, einige blieben 2 Wochen, andere nur ein paar Stunden. Trotzdem war die Freude immer gross, mal wieder jemanden aus der alten Heimat zu sehen um zu reden, zu lachen und ein paar Neuigkeiten zu hören. Aus diesem Grund geht ein super herzliches Dankeschön an alle, die die Strapazen auf sich nahmen und die Zeit (und Geld) investierten um hier bei uns zu sein oder die sich einfach mal nur per FaceBook, WhatsApp oder sonstwie meldeten und damit zeigten, dass wir immer noch miteinander in Kontakt stehen.</p>
<p>Viel haben wir seit Anfang 2017 auf der Insel unternommen, von Ost nach West, von Süd nach Nord. Die wichtigsten und bedeutendsten Punkte haben wir 2017 bereits angefahren, 2018 werden wir uns vermutlich mehr ums Detail kümmern um Fauna, Flora und die Menschen noch besser kennenzulernen. Trotzdem haben wir vieles noch überhaupt nicht gesehen, das wollen und werden wir mit der Zeit nachholen. Viele haben sich unsere Beiträge hier auf der Seite angesehen und unsere Aktivitäten verfolgt. Einige unserer Leser haben sich auch aktiv daran beteiligt durch Likes oder sogar mit Kommentaren. Unsere Foto- und Textbeiträge erreichen meist mehr als 1.000 Personen, das finden wir super klasse! Danke! Ganz klar ein Grund dafür, dass wir die Seite auch in diesem Jahr fortführen werden.</p>
<p style="text-align: center;"></p>

<p>Im Winter 2016/2017 sind wir bei 25 Grad gelandet, genauer gesagt am 6.1.2017. Seitdem hatten wir im Sommer maximal 32 Grad, oft jedoch angenehme 28 Grad im Schatten und immer leichten Wind vom Atlantik. Nun geht es von vorne los, die Temperaturen sind identisch wie letztes Jahr. Aber okay, das wussten wir ja im Vorfeld. &#8230; <a title="el primero año" class="read-more" href="http://rcml.de/es/das-erste-jahr-auf-der-insel" aria-label="Leer más sobre Das erste Jahr auf der Insel">Leer más</a></p>
