{"id":390,"date":"2020-07-23T16:10:29","date_gmt":"2020-07-23T16:10:29","guid":{"rendered":"http:\/\/rcml.de\/?page_id=390"},"modified":"2020-07-23T17:51:10","modified_gmt":"2020-07-23T17:51:10","slug":"das-dritte-jahr-auf-der-insel","status":"publish","type":"page","link":"http:\/\/rcml.de\/es\/das-dritte-jahr-auf-der-insel","title":{"rendered":"el tercer a\u00f1o"},"content":{"rendered":"<p>Heute lautet unsere magische Zahl 1095!<\/p>\n<p>So viele Tage sind wir nun bereits hier auf Teneriffa, der Insel des ewigen Fr\u00fchlings.<br>Wer exakt nachrechnet, der kommt auf 3 volle Jahre. Am Freitag, den 6. Januar 2017 hat uns Ryan-Air am S\u00fcdflughafen abgesetzt, ab morgen beginnt das 4. Jahr unserer Auswanderung!<\/p>\n<p>Zeit f\u00fcr einen Jahresbericht:<br>Auch 2019 waren es recht ereignisreiche 12 Monate f\u00fcr uns, hier alles auszuf\u00fchren w\u00fcrde den Artikel sprengen. Daher wollen wir nur die Highlights nennen.<\/p>\n<p>Klima und Wetter:<br>Es gab wie jedes Jahr H\u00f6hen (30\u00b0 im Juli) und Tiefen (19\u00b0 letzte Woche nachts), im g\u00e4ngigen Mittel war das Klima unver\u00e4ndert klasse wie die beiden Jahre davor. Als wettertechnisch herausragenden Tag ist der 16. September zu nennen als es zum ersten Mal ganzt\u00e4gig bew\u00f6lkt war und mehrmals regnete.<\/p>\n<p>Inselrundfahrten:<br>Wir schafften es zum ersten Mal zum Punta de Teno, dem westlichsten Punkt der Insel. Die gef\u00e4hrliche und abenteuerliche Zufahrt war lange gesperrt, dann nur an 3 Tagen die Woche ge\u00f6ffnet und ist mittlerweile nur f\u00fcr Linenbusse und Taxis freigegeben. Die Piper in Socorro (G\u00fcimar) war uns eine Besichtigung wert als Erinnerung an die schlimmste Heuschreckenplage, die den S\u00fcden der Insel 1958 heimgesucht hatte. Zur gleichen Zeit fuhren wir den Fundort der schwarzen Madonna in Playa del Socorro o Chimisay an, der Schutzheiligen der Kanarischen Inseln. Ebenfalls in G\u00fcimar, allerdings in Puertito de G\u00fcimar, bewunderten wir die Stra\u00dfengraffiti mit der ein junger K\u00fcnstler hunderte Meter einer Fu\u00dfg\u00e4ngerzone bemalt hat.<br>Zudem waren wir am letzten bisher noch nicht besuchten Wahrzeichen Teneriffas, dem 1.000-j\u00e4hrigen Drachenbaum, Drago Milenario nennen ihn die Einheimischen.<br>Den Jahresabschluss bildete die Sternbeobachtung in der Silvesternacht im Vulkankrater des El Teide. Die Luft war so klar, es war wolkenfrei und durch das Fehlen jeglicher Lichtverschmutzung konnten wir Tausende von Sternen am Firmament sehen.<\/p>\n<p>Sonstige Events:<br>Mit der Schlager-Mania gaben einige musikalische K\u00fcnstler hier im S\u00fcden ihr Stell-Dich-Ein, erw\u00e4hnenswert fanden wir dabei nur Michael Hirte und die Unversch\u00e4mtheit der deutschen Mitreisenden im gecharteten Bus. Wie jedes Jahr war der Karnevalsumzug in Santa Cruz echt grandios und ist ein Muss, wenn man in der Karnevalswoche auf der Insel weilt. Desweiteren ist das 90-min\u00fctige Feuerwerk am 3. Mai (Dia de la Cruz) in Los Realejos empfehlenswert (Die gleiche Prozedur wie jedes Jahr, Miss Sophie <span class=\"_47e3 _5mfr\" title=\"\u201esmile\u201c-Emoticon\"><img loading=\"lazy\" decoding=\"async\" class=\"img\" role=\"presentation\" src=\"https:\/\/static.xx.fbcdn.net\/images\/emoji.php\/v9\/teb\/2\/16\/1f642.png\" alt=\"\" width=\"16\" height=\"16\"><span class=\"_7oe\" aria-hidden=\"true\">\ud83d\ude42<\/span><\/span> ).<br>Zwei Tagestouren mit der F\u00e4hre haben wir unternommen. Zum einen waren wir in Gran Canaria beim ZDF-Fernsehgarten (die Erinnerung bereitet noch immer seelische Schmerzen). Zum anderen setzten wir auf unsere Nachbarinsel La Gomera \u00fcber und liessen uns dort wie &#8222;normale&#8220; Pauschal-Touristen mit dem Bus \u00fcber die Insel karren.<br>Einen kurzen Besuch statteten wir dem Oktoberfest in Puerto de la Cruz ab, jedoch wie bereits beschrieben ist das Fest dort in keinster Weise ein Vergleich mit dem deutschen Original. Es ist immer noch unverst\u00e4ndlich, warum der deutsche Tourist im Urlaub unbedingt ein Oktoberfest haben muss? Sehenswert in Puerto de la Cruz war allerdings die Fassadenkunst in der Altstadt.<\/p>\n<p>Der Deutschland-Trip:<br>Im Juli 2019 waren wir den ganzen Monat unterwegs. Irrationalerweise hatten wir uns entschieden mit dem Auto nach Deutschland zu fahren. Da man dazu \u00fcbers Wasser muss, setzten wir mit der F\u00e4hre nach Spanien \u00fcber, fuhren an der touristisch gepr\u00e4gten S\u00fcdk\u00fcste entlang (Alicante, Barcelona, Girona), durch Frankreich hindurch bis ins gelobte Saarland. Ende Juni machten wir uns wieder auf den R\u00fcckweg und lernten auf der F\u00e4hre ein nettes Paar aus Teneriffa kennen zu dem wir bis heute Kontakt pflegen. Wie der Zufall es so will &#8230;.<\/p>\n<p>Was hat uns sonst noch so bewegt:<br>Die Steinm\u00e4nnchen in Puerto de la Cruz wurden auf amtlichen Beschluss hin abgebaut, die Steine unter Aufsicht von Umweltbeauftragten umverteilt. Die Begr\u00fcndung, den Lebensraum der Tiere wiederherzustellen, entbehrt so gesehen allerdings jeglicher Grundlage, da die Steinm\u00e4nnchen teils jahrelang schon dort standen und die Kleintiere sich l\u00e4ngst mit der Situation arrangierten. Nun m\u00fcssen sie sich wieder eine neue Heimat suchen. Wer&#8217;s versteht.<br>Alles \u00fcberschattet hat jedoch im vergangenen Juni der pl\u00f6tzliche Tod unserer guten Bekannten und indirekten Nachbarin Birgit, die kurz nach ihrem 60. Geburtstag f\u00fcr uns unerwartet verstarb. Wir denken noch recht oft an sie, viele Abende haben wir gemeinsam zusammengesessen und gefeiert. Sie war eine der ersten Personen, die wir auf Teneriffa n\u00e4her kennenlernen durften.<\/p>\n<p>Trotzdem wollen wir die Jahreszusammenfassung nicht mit Tr\u00fcbsal beenden und danken unseren treuen Lesern f\u00fcr das Jahr 2019 und dass unsere FaceBook-Eintr\u00e4ge immer wieder eine solch hohe Resonanz finden. Darauf sind wir m\u00e4chtig stolz und f\u00fchlen uns darin best\u00e4rkt, unsere Erfahrungen auf der Insel weiterhin mit euch zu teilen. Und wer nicht will, der muss es ja nicht lesen <span class=\"_47e3 _5mfr\" title=\"\u201esmile\u201c-Emoticon\"><img loading=\"lazy\" decoding=\"async\" class=\"img\" role=\"presentation\" src=\"https:\/\/static.xx.fbcdn.net\/images\/emoji.php\/v9\/teb\/2\/16\/1f642.png\" alt=\"\" width=\"16\" height=\"16\"><span class=\"_7oe\" aria-hidden=\"true\">\ud83d\ude42<\/span><\/span> Ein paar ausgew\u00e4hlte Fotos aus 2019 haben wir ebenfalls angeheftet, viel Spass beim Bl\u00e4ttern und Schm\u00f6kern.<\/p>\n<p>Hasta luego . . .<\/p>\n<p style=\"text-align: center;\"><\/p>","protected":false},"excerpt":{"rendered":"<p>Heute lautet unsere magische Zahl 1095! So viele Tage sind wir nun bereits hier auf Teneriffa, der Insel des ewigen Fr\u00fchlings.Wer exakt nachrechnet, der kommt auf 3 volle Jahre. Am Freitag, den 6. Januar 2017 hat uns Ryan-Air am S\u00fcdflughafen abgesetzt, ab morgen beginnt das 4. Jahr unserer Auswanderung! Zeit f\u00fcr einen Jahresbericht:Auch 2019 waren &#8230; <a title=\"el tercer a\u00f1o\" class=\"read-more\" href=\"http:\/\/rcml.de\/es\/das-dritte-jahr-auf-der-insel\" aria-label=\"Leer m\u00e1s sobre Das dritte Jahr auf der Insel\">Leer m\u00e1s<\/a><\/p>","protected":false},"author":1,"featured_media":0,"parent":0,"menu_order":0,"comment_status":"closed","ping_status":"closed","template":"","meta":{"footnotes":""},"_links":{"self":[{"href":"http:\/\/rcml.de\/es\/wp-json\/wp\/v2\/pages\/390"}],"collection":[{"href":"http:\/\/rcml.de\/es\/wp-json\/wp\/v2\/pages"}],"about":[{"href":"http:\/\/rcml.de\/es\/wp-json\/wp\/v2\/types\/page"}],"author":[{"embeddable":true,"href":"http:\/\/rcml.de\/es\/wp-json\/wp\/v2\/users\/1"}],"replies":[{"embeddable":true,"href":"http:\/\/rcml.de\/es\/wp-json\/wp\/v2\/comments?post=390"}],"version-history":[{"count":2,"href":"http:\/\/rcml.de\/es\/wp-json\/wp\/v2\/pages\/390\/revisions"}],"predecessor-version":[{"id":652,"href":"http:\/\/rcml.de\/es\/wp-json\/wp\/v2\/pages\/390\/revisions\/652"}],"wp:attachment":[{"href":"http:\/\/rcml.de\/es\/wp-json\/wp\/v2\/media?parent=390"}],"curies":[{"name":"wp","href":"https:\/\/api.w.org\/{rel}","templated":true}]}}

el tercer año

<p>Heute lautet unsere magische Zahl 1095!</p>
<p>So viele Tage sind wir nun bereits hier auf Teneriffa, der Insel des ewigen Frühlings.<br>Wer exakt nachrechnet, der kommt auf 3 volle Jahre. Am Freitag, den 6. Januar 2017 hat uns Ryan-Air am Südflughafen abgesetzt, ab morgen beginnt das 4. Jahr unserer Auswanderung!</p>
<p>Zeit für einen Jahresbericht:<br>Auch 2019 waren es recht ereignisreiche 12 Monate für uns, hier alles auszuführen würde den Artikel sprengen. Daher wollen wir nur die Highlights nennen.</p>
<p>Klima und Wetter:<br>Es gab wie jedes Jahr Höhen (30° im Juli) und Tiefen (19° letzte Woche nachts), im gängigen Mittel war das Klima unverändert klasse wie die beiden Jahre davor. Als wettertechnisch herausragenden Tag ist der 16. September zu nennen als es zum ersten Mal ganztägig bewölkt war und mehrmals regnete.</p>
<p>Inselrundfahrten:<br>Wir schafften es zum ersten Mal zum Punta de Teno, dem westlichsten Punkt der Insel. Die gefährliche und abenteuerliche Zufahrt war lange gesperrt, dann nur an 3 Tagen die Woche geöffnet und ist mittlerweile nur für Linenbusse und Taxis freigegeben. Die Piper in Socorro (Güimar) war uns eine Besichtigung wert als Erinnerung an die schlimmste Heuschreckenplage, die den Süden der Insel 1958 heimgesucht hatte. Zur gleichen Zeit fuhren wir den Fundort der schwarzen Madonna in Playa del Socorro o Chimisay an, der Schutzheiligen der Kanarischen Inseln. Ebenfalls in Güimar, allerdings in Puertito de Güimar, bewunderten wir die Straßengraffiti mit der ein junger Künstler hunderte Meter einer Fußgängerzone bemalt hat.<br>Zudem waren wir am letzten bisher noch nicht besuchten Wahrzeichen Teneriffas, dem 1.000-jährigen Drachenbaum, Drago Milenario nennen ihn die Einheimischen.<br>Den Jahresabschluss bildete die Sternbeobachtung in der Silvesternacht im Vulkankrater des El Teide. Die Luft war so klar, es war wolkenfrei und durch das Fehlen jeglicher Lichtverschmutzung konnten wir Tausende von Sternen am Firmament sehen.</p>
<p>Sonstige Events:<br>Mit der Schlager-Mania gaben einige musikalische Künstler hier im Süden ihr Stell-Dich-Ein, erwähnenswert fanden wir dabei nur Michael Hirte und die Unverschämtheit der deutschen Mitreisenden im gecharteten Bus. Wie jedes Jahr war der Karnevalsumzug in Santa Cruz echt grandios und ist ein Muss, wenn man in der Karnevalswoche auf der Insel weilt. Desweiteren ist das 90-minütige Feuerwerk am 3. Mai (Dia de la Cruz) in Los Realejos empfehlenswert (Die gleiche Prozedur wie jedes Jahr, Miss Sophie <span class="_47e3 _5mfr" title="„smile“-Emoticon"><img loading="lazy" decoding="async" class="img" role="presentation" src="https://static.xx.fbcdn.net/images/emoji.php/v9/teb/2/16/1f642.png" alt="" width="16" height="16"><span class="_7oe" aria-hidden="true">🙂</span></span> ).<br>Zwei Tagestouren mit der Fähre haben wir unternommen. Zum einen waren wir in Gran Canaria beim ZDF-Fernsehgarten (die Erinnerung bereitet noch immer seelische Schmerzen). Zum anderen setzten wir auf unsere Nachbarinsel La Gomera über und liessen uns dort wie &#8222;normale&#8220; Pauschal-Touristen mit dem Bus über die Insel karren.<br>Einen kurzen Besuch statteten wir dem Oktoberfest in Puerto de la Cruz ab, jedoch wie bereits beschrieben ist das Fest dort in keinster Weise ein Vergleich mit dem deutschen Original. Es ist immer noch unverständlich, warum der deutsche Tourist im Urlaub unbedingt ein Oktoberfest haben muss? Sehenswert in Puerto de la Cruz war allerdings die Fassadenkunst in der Altstadt.</p>
<p>Der Deutschland-Trip:<br>Im Juli 2019 waren wir den ganzen Monat unterwegs. Irrationalerweise hatten wir uns entschieden mit dem Auto nach Deutschland zu fahren. Da man dazu übers Wasser muss, setzten wir mit der Fähre nach Spanien über, fuhren an der touristisch geprägten Südküste entlang (Alicante, Barcelona, Girona), durch Frankreich hindurch bis ins gelobte Saarland. Ende Juni machten wir uns wieder auf den Rückweg und lernten auf der Fähre ein nettes Paar aus Teneriffa kennen zu dem wir bis heute Kontakt pflegen. Wie der Zufall es so will &#8230;.</p>
<p>Was hat uns sonst noch so bewegt:<br>Die Steinmännchen in Puerto de la Cruz wurden auf amtlichen Beschluss hin abgebaut, die Steine unter Aufsicht von Umweltbeauftragten umverteilt. Die Begründung, den Lebensraum der Tiere wiederherzustellen, entbehrt so gesehen allerdings jeglicher Grundlage, da die Steinmännchen teils jahrelang schon dort standen und die Kleintiere sich längst mit der Situation arrangierten. Nun müssen sie sich wieder eine neue Heimat suchen. Wer&#8217;s versteht.<br>Alles überschattet hat jedoch im vergangenen Juni der plötzliche Tod unserer guten Bekannten und indirekten Nachbarin Birgit, die kurz nach ihrem 60. Geburtstag für uns unerwartet verstarb. Wir denken noch recht oft an sie, viele Abende haben wir gemeinsam zusammengesessen und gefeiert. Sie war eine der ersten Personen, die wir auf Teneriffa näher kennenlernen durften.</p>
<p>Trotzdem wollen wir die Jahreszusammenfassung nicht mit Trübsal beenden und danken unseren treuen Lesern für das Jahr 2019 und dass unsere FaceBook-Einträge immer wieder eine solch hohe Resonanz finden. Darauf sind wir mächtig stolz und fühlen uns darin bestärkt, unsere Erfahrungen auf der Insel weiterhin mit euch zu teilen. Und wer nicht will, der muss es ja nicht lesen <span class="_47e3 _5mfr" title="„smile“-Emoticon"><img loading="lazy" decoding="async" class="img" role="presentation" src="https://static.xx.fbcdn.net/images/emoji.php/v9/teb/2/16/1f642.png" alt="" width="16" height="16"><span class="_7oe" aria-hidden="true">🙂</span></span> Ein paar ausgewählte Fotos aus 2019 haben wir ebenfalls angeheftet, viel Spass beim Blättern und Schmökern.</p>
<p>Hasta luego . . .</p>
<p style="text-align: center;"></p>

<p>Heute lautet unsere magische Zahl 1095! So viele Tage sind wir nun bereits hier auf Teneriffa, der Insel des ewigen Frühlings.Wer exakt nachrechnet, der kommt auf 3 volle Jahre. Am Freitag, den 6. Januar 2017 hat uns Ryan-Air am Südflughafen abgesetzt, ab morgen beginnt das 4. Jahr unserer Auswanderung! Zeit für einen Jahresbericht:Auch 2019 waren &#8230; <a title="el tercer año" class="read-more" href="http://rcml.de/es/das-dritte-jahr-auf-der-insel" aria-label="Leer más sobre Das dritte Jahr auf der Insel">Leer más</a></p>
