{"id":145,"date":"2019-01-19T09:53:22","date_gmt":"2019-01-19T09:53:22","guid":{"rendered":"http:\/\/rcml.de\/?page_id=145"},"modified":"2020-07-23T17:26:29","modified_gmt":"2020-07-23T17:26:29","slug":"das-zweite-jahr-auf-der-insel","status":"publish","type":"page","link":"http:\/\/rcml.de\/es\/das-zweite-jahr-auf-der-insel","title":{"rendered":"el segundo a\u00f1o"},"content":{"rendered":"<p>Zeit f\u00fcr einen neuen Jahresbericht:<\/p>\n<p>Nochmal zur Erinnerung, am 6. Januar 2017, also vor genau 2 Jahren setzte unser Flieger hier am S\u00fcdflughafen auf. Im ersten Jahr waren wir wie erwartet damit besch\u00e4ftigt uns gem\u00fctlich einzurichten. Zudem haben wir viel Zeit damit verbracht, Land und Leute kennenzulernen. Die Insel ist vom Verkehrswegenetz her \u00fcberschaubar und so kennen wir uns mittlerweile schon recht gut aus. 2018 haben wir uns wie versprochen mehr ums Detail gek\u00fcmmert.<\/p>\n<p>Attraktionen:<\/p>\n<p>Wir haben uns erstmals bei Schnee auf den Teide auf 2250 H\u00f6henmeter getraut. Zudem haben wir weniger bekannte Tourismusmagnete besucht, bspw. die Pyramiden von Guimar, die Roques de Garcia in den Canadas, El Esqueleto&#8220; (das Skelett) in La Matanza und die &#8222;Cueva del Viento&#8220;, eine der gr\u00f6ssten Lavah\u00f6hlen Europas, nicht zu vergessen die Steine am Auditorium mit bemalten Konterfeis nationaler und internationaler Ber\u00fchmtheiten. Zum allj\u00e4hrlichen Pflichtprogramm geh\u00f6rten selbstverst\u00e4ndlich der zweitgr\u00f6sste Karnevalsumzug weltweit in unserer Hauptstadt Santa Cruz, ebenso die aufwendigen Passionsspiele an Karfreitag in Adeje und Europas gr\u00f6sstes Feuerwerk, das \u00fcber 90 Minuten im Norden in Los Realejos zu bewundern ist. Nicht vergessen werden darf der Besuch der Basilika in Candelaria und der damit verbundene Abstecher an die immer wieder sehenswerte Weihnachtskrippe. Und mehrmals im Jahr der Loro-Parque, der kommt zwischendurch immer mal wieder gut an.<\/p>\n<p>Lokalit\u00e4ten:<\/p>\n<p>2018 haben wir uns mehr den kulinarischen Gen\u00fcssen in meist abgelegenen Ecken gewidmet. so z.B. den bekannten und weniger bekannten Anlaufstellen &#8222;Papagayo Beach Club&#8220;, &#8222;Bar Berlin&#8220;, &#8222;MANA NUI&#8220;, &#8222;Punta Paraiso&#8220;, &#8222;Masia del Mar&#8220;, &#8222;Coeur de Filet&#8220; und &#8222;La Centinela&#8220;. Alle Lokale sind sehr empfehlenswert, lediglich die Bar Berlin blieb hinter unseren Erwartungen zur\u00fcck, was sowohl Service als auch das Essen betraf. Vielleicht hatten wir auch nur 2 schlechte Tage erwischt.<\/p>\n<p>Insel-Hopping:<\/p>\n<p>Ein neuer Personalausweis war notwendig und das geht nun mal nicht auf Teneriffa, weil hier nur ein Honorar-Konsulat existiert. Somit stand wie 2017 ein Abstecher nach Gran Canaria auf dem Programm. Beim ersten Mal unternahmen wir den Trip noch mit dem Flieger und einem Mietwagen, dieses Mal fuhren wir mit der F\u00e4hre und nahmen unser eigenes Auto mit. Das war wesentlich entspannter und f\u00fcr einen Tagestrip auf eine andere Kanareninsel in unserem Fall sehr zu empfehlen. F\u00fcr 2019 nehmen wir La Gomera ins Visier.<\/p>\n<p>Internet-Anschluss:<\/p>\n<p>Seit Anfang Juli 2018 sind wir \u00fcber 100 MegaBit an die Aussenwelt angeschlossen, und zwar sowohl im Download- als auch im Upload-Bereich. 600 MBit w\u00e4ren ebenfalls m\u00f6glich, aber f\u00fcr uns sind 100 MBit ausreichend und wahnsinnig schnell. Technisch gesehen ist das zusammen mit einer fast fl\u00e4chendeckenden 4G-Verbindung im Mobilfunksektor echt grosses Kino!<\/p>\n<p>Wetterlage:<\/p>\n<p>Die schlechte Nachricht zuerst: Wir hatten erheblich mehr Regen als 2017. Das Wasser von oben mussten wir dieses Jahr in La Listada an 10 Tagen erdulden, 2017 kam es nur an 3 Tagen vom Himmel. Was des Einen Freud, ist des Anderen Leid: Die Folge davon liegt auf der Hand. Die letzten Monate des Jahres war es schon recht gr\u00fcn im so oft als braune W\u00fcste bescholtenen S\u00fcden. Das lag unserer Meinung vor allem daran, dass uns der Hurrikan LESLIE f\u00fcr einige Tage um die Nase wehte. Der Sturm zog letztendlich zwar an uns vorbei in Richtung Festland, aber die Regenausl\u00e4ufer bekamen sogar wir im S\u00fcden mit. Ansonsten w\u00e4re 2018 vermutlich genauso trocken ausgefallen wie das Jahr zuvor.<\/p>\n<p>Insgesamt haben wir uns mehr der Wetterlage und der Beobachtung des Klimas gewidmet als vorher. Das, was man in Deutschland aus Kindheitstagen kennt, muss man sich hier erst m\u00fchsam aneignen. Das braucht naturgem\u00e4ss Zeit, aber mit jedem Monat wird es besser und wir werden treffsicherer. Okay, zugegeben ist das bei 355 Tagen Sonne pro Jahr auch nicht sooo schwer \ud83d\ude09<\/p>\n<p>\u00dcber 3 Tage hinweg hatten wir extrem starken Calima (Wind aus der Sahara mit viel Sand und damit einhergehender Temperaturerh\u00f6hung), die Sicht betrug nur wenige hundert Meter. Im Gegensatz zum Vorjahr kam der Calima nur ein Mal mit voller Wucht, 2017 hatten wir 12 Mal darunter zu leiden, allerdings in sehr abgeschw\u00e4chter Form. Man kann es sich nicht aussuchen, aber lieber ein Mal heftig und dann ist gut!<\/p>\n<p>Unsere hauseigene Wetterstation verzeichnete als Maximalwert am Tag 32\u00b0 und als Minimalwert in der Nacht 16\u00b0. Der durchschnittliche H\u00f6chstwert betrug 26,3\u00b0 und der durchschnittliche Tiefstwert 19\u00b0. Im direkten Vergleich zum Vorjahr war es 2018 im Mittel exakt ein Grad k\u00e4lter als 2017. Schlussfolgerung: Das Klima ist immer noch super, alles andere ist Jammern auf sehr hohem Niveau!<\/p>\n<p>Sonstiges:<\/p>\n<p>Wir haben tolle Vollmondn\u00e4chte, eine totale Mondfinsternis und einen sehr klaren Blutmond erlebt und nebenbei \u00fcber viele Tage den Mars jeden Abend in aller Pracht auf seiner Himmelsbahn beobachten k\u00f6nnen. Aufgrund der \u00c4quatorn\u00e4he und der klaren Luft sind die Himmelsk\u00f6rper extrem gut zu sehen. Dazu kamen viele Schiffe, von grossen Kreuzfahrern bis hin zur neuesten AIDA-NOVA und kleinsten Fischerbooten mit voller Ladung fast direkt vor der Haust\u00fcr. Ausserdem haben wir erneut eine Wal- und Delphin-Besichtigungstour gemacht. Die Tour ist, die richtigen Unternehmen vorausgesetzt, immer wieder ein Erlebnis.<\/p>\n<p>2018 waren wir f\u00fcr 14 Tage in Deutschland, genau in der heissesten Periode. Trotzdem haben wir uns sehr am\u00fcsiert, viel gelacht und trotz der Hitze noch einiges unternommen.<\/p>\n<p>Im Herbst wurden Teile des neuen RAMBO-Filmes &#8222;Last Blood&#8220; auf Teneriffa gedreht. Sylvester Stallone war mehrere Tage auf der Insel, viele Strassenz\u00fcge und Marktpl\u00e4tze wurden wegen der Dreharbeiten weitr\u00e4umig abgesperrt. Eine Menge Fans hat der Mann auf jeden Fall immer noch und wir hoffen, dass wir im fertigen Film einige Drehorte auf der Insel wieder erkennen.<\/p>\n<p>Die Rosen bl\u00fchen immer noch mehrmals im Jahr in unglaublicher Pracht, mittlerweile ernten wir eigene Tomaten (im Dezember?) und an Silvester haben wir aufgrund 25\u00b0 im Schatten die ganze Nacht gegrillt. Das typische Raclette zum Jahresende haben wir auf die erste Januarwoche bei abgek\u00fchlten 23\u00b0 verschoben.<\/p>\n<p>Das Wichtigste zum Schluss:<\/p>\n<p>Mit tatkr\u00e4ftiger Hilfe aus dem Bekannten- und Freundeskreis haben wir dieses Jahr einen Carport, einen TV-Schutz, einen beleuchteten Zierbrunnen aus Holz gebaut und unsere mitgebrachte Bierzeltgarnitur wieder aufgem\u00f6belt, alles in Eigenregie. Extra Dank daf\u00fcr an Elmar und Frank, das hat toll geklappt!<\/p>\n<p>An genau 120 Tagen habt ihr uns aus Deutschland besucht, nicht eingerechnet dabei sind die Kurztrip-Urlauber, die jeweils nur einen Tag blieben. Daf\u00fcr nochmals einen kr\u00e4ftigen Dank, dass ihr uns hier nicht vergessen habt auf der Insel. Ihr seid jederzeit wieder alle willkommen, wir freuen uns auf die Abwechslung und die Zeit mit euch. Wir k\u00f6nnen euch versprechen, die Insel schwimmt nicht weg, sie ist morgen auch noch da. Und so freuen wir uns auf ein Wiedersehen im Jahr 2019!<\/p>\n<p>Hasta luego . . .<\/p>\n<p style=\"text-align: center;\"><\/p>\n<p>&nbsp;<\/p>","protected":false},"excerpt":{"rendered":"<p>Zeit f\u00fcr einen neuen Jahresbericht: Nochmal zur Erinnerung, am 6. Januar 2017, also vor genau 2 Jahren setzte unser Flieger hier am S\u00fcdflughafen auf. Im ersten Jahr waren wir wie erwartet damit besch\u00e4ftigt uns gem\u00fctlich einzurichten. Zudem haben wir viel Zeit damit verbracht, Land und Leute kennenzulernen. Die Insel ist vom Verkehrswegenetz her \u00fcberschaubar und &#8230; <a title=\"el segundo a\u00f1o\" class=\"read-more\" href=\"http:\/\/rcml.de\/es\/das-zweite-jahr-auf-der-insel\" aria-label=\"Leer m\u00e1s sobre Das zweite Jahr auf der Insel\">Leer m\u00e1s<\/a><\/p>","protected":false},"author":1,"featured_media":0,"parent":0,"menu_order":0,"comment_status":"closed","ping_status":"closed","template":"","meta":{"footnotes":""},"_links":{"self":[{"href":"http:\/\/rcml.de\/es\/wp-json\/wp\/v2\/pages\/145"}],"collection":[{"href":"http:\/\/rcml.de\/es\/wp-json\/wp\/v2\/pages"}],"about":[{"href":"http:\/\/rcml.de\/es\/wp-json\/wp\/v2\/types\/page"}],"author":[{"embeddable":true,"href":"http:\/\/rcml.de\/es\/wp-json\/wp\/v2\/users\/1"}],"replies":[{"embeddable":true,"href":"http:\/\/rcml.de\/es\/wp-json\/wp\/v2\/comments?post=145"}],"version-history":[{"count":2,"href":"http:\/\/rcml.de\/es\/wp-json\/wp\/v2\/pages\/145\/revisions"}],"predecessor-version":[{"id":539,"href":"http:\/\/rcml.de\/es\/wp-json\/wp\/v2\/pages\/145\/revisions\/539"}],"wp:attachment":[{"href":"http:\/\/rcml.de\/es\/wp-json\/wp\/v2\/media?parent=145"}],"curies":[{"name":"wp","href":"https:\/\/api.w.org\/{rel}","templated":true}]}}

el segundo año

<p>Zeit für einen neuen Jahresbericht:</p>
<p>Nochmal zur Erinnerung, am 6. Januar 2017, also vor genau 2 Jahren setzte unser Flieger hier am Südflughafen auf. Im ersten Jahr waren wir wie erwartet damit beschäftigt uns gemütlich einzurichten. Zudem haben wir viel Zeit damit verbracht, Land und Leute kennenzulernen. Die Insel ist vom Verkehrswegenetz her überschaubar und so kennen wir uns mittlerweile schon recht gut aus. 2018 haben wir uns wie versprochen mehr ums Detail gekümmert.</p>
<p>Attraktionen:</p>
<p>Wir haben uns erstmals bei Schnee auf den Teide auf 2250 Höhenmeter getraut. Zudem haben wir weniger bekannte Tourismusmagnete besucht, bspw. die Pyramiden von Guimar, die Roques de Garcia in den Canadas, El Esqueleto&#8220; (das Skelett) in La Matanza und die &#8222;Cueva del Viento&#8220;, eine der grössten Lavahöhlen Europas, nicht zu vergessen die Steine am Auditorium mit bemalten Konterfeis nationaler und internationaler Berühmtheiten. Zum alljährlichen Pflichtprogramm gehörten selbstverständlich der zweitgrösste Karnevalsumzug weltweit in unserer Hauptstadt Santa Cruz, ebenso die aufwendigen Passionsspiele an Karfreitag in Adeje und Europas grösstes Feuerwerk, das über 90 Minuten im Norden in Los Realejos zu bewundern ist. Nicht vergessen werden darf der Besuch der Basilika in Candelaria und der damit verbundene Abstecher an die immer wieder sehenswerte Weihnachtskrippe. Und mehrmals im Jahr der Loro-Parque, der kommt zwischendurch immer mal wieder gut an.</p>
<p>Lokalitäten:</p>
<p>2018 haben wir uns mehr den kulinarischen Genüssen in meist abgelegenen Ecken gewidmet. so z.B. den bekannten und weniger bekannten Anlaufstellen &#8222;Papagayo Beach Club&#8220;, &#8222;Bar Berlin&#8220;, &#8222;MANA NUI&#8220;, &#8222;Punta Paraiso&#8220;, &#8222;Masia del Mar&#8220;, &#8222;Coeur de Filet&#8220; und &#8222;La Centinela&#8220;. Alle Lokale sind sehr empfehlenswert, lediglich die Bar Berlin blieb hinter unseren Erwartungen zurück, was sowohl Service als auch das Essen betraf. Vielleicht hatten wir auch nur 2 schlechte Tage erwischt.</p>
<p>Insel-Hopping:</p>
<p>Ein neuer Personalausweis war notwendig und das geht nun mal nicht auf Teneriffa, weil hier nur ein Honorar-Konsulat existiert. Somit stand wie 2017 ein Abstecher nach Gran Canaria auf dem Programm. Beim ersten Mal unternahmen wir den Trip noch mit dem Flieger und einem Mietwagen, dieses Mal fuhren wir mit der Fähre und nahmen unser eigenes Auto mit. Das war wesentlich entspannter und für einen Tagestrip auf eine andere Kanareninsel in unserem Fall sehr zu empfehlen. Für 2019 nehmen wir La Gomera ins Visier.</p>
<p>Internet-Anschluss:</p>
<p>Seit Anfang Juli 2018 sind wir über 100 MegaBit an die Aussenwelt angeschlossen, und zwar sowohl im Download- als auch im Upload-Bereich. 600 MBit wären ebenfalls möglich, aber für uns sind 100 MBit ausreichend und wahnsinnig schnell. Technisch gesehen ist das zusammen mit einer fast flächendeckenden 4G-Verbindung im Mobilfunksektor echt grosses Kino!</p>
<p>Wetterlage:</p>
<p>Die schlechte Nachricht zuerst: Wir hatten erheblich mehr Regen als 2017. Das Wasser von oben mussten wir dieses Jahr in La Listada an 10 Tagen erdulden, 2017 kam es nur an 3 Tagen vom Himmel. Was des Einen Freud, ist des Anderen Leid: Die Folge davon liegt auf der Hand. Die letzten Monate des Jahres war es schon recht grün im so oft als braune Wüste bescholtenen Süden. Das lag unserer Meinung vor allem daran, dass uns der Hurrikan LESLIE für einige Tage um die Nase wehte. Der Sturm zog letztendlich zwar an uns vorbei in Richtung Festland, aber die Regenausläufer bekamen sogar wir im Süden mit. Ansonsten wäre 2018 vermutlich genauso trocken ausgefallen wie das Jahr zuvor.</p>
<p>Insgesamt haben wir uns mehr der Wetterlage und der Beobachtung des Klimas gewidmet als vorher. Das, was man in Deutschland aus Kindheitstagen kennt, muss man sich hier erst mühsam aneignen. Das braucht naturgemäss Zeit, aber mit jedem Monat wird es besser und wir werden treffsicherer. Okay, zugegeben ist das bei 355 Tagen Sonne pro Jahr auch nicht sooo schwer 😉</p>
<p>Über 3 Tage hinweg hatten wir extrem starken Calima (Wind aus der Sahara mit viel Sand und damit einhergehender Temperaturerhöhung), die Sicht betrug nur wenige hundert Meter. Im Gegensatz zum Vorjahr kam der Calima nur ein Mal mit voller Wucht, 2017 hatten wir 12 Mal darunter zu leiden, allerdings in sehr abgeschwächter Form. Man kann es sich nicht aussuchen, aber lieber ein Mal heftig und dann ist gut!</p>
<p>Unsere hauseigene Wetterstation verzeichnete als Maximalwert am Tag 32° und als Minimalwert in der Nacht 16°. Der durchschnittliche Höchstwert betrug 26,3° und der durchschnittliche Tiefstwert 19°. Im direkten Vergleich zum Vorjahr war es 2018 im Mittel exakt ein Grad kälter als 2017. Schlussfolgerung: Das Klima ist immer noch super, alles andere ist Jammern auf sehr hohem Niveau!</p>
<p>Sonstiges:</p>
<p>Wir haben tolle Vollmondnächte, eine totale Mondfinsternis und einen sehr klaren Blutmond erlebt und nebenbei über viele Tage den Mars jeden Abend in aller Pracht auf seiner Himmelsbahn beobachten können. Aufgrund der Äquatornähe und der klaren Luft sind die Himmelskörper extrem gut zu sehen. Dazu kamen viele Schiffe, von grossen Kreuzfahrern bis hin zur neuesten AIDA-NOVA und kleinsten Fischerbooten mit voller Ladung fast direkt vor der Haustür. Ausserdem haben wir erneut eine Wal- und Delphin-Besichtigungstour gemacht. Die Tour ist, die richtigen Unternehmen vorausgesetzt, immer wieder ein Erlebnis.</p>
<p>2018 waren wir für 14 Tage in Deutschland, genau in der heissesten Periode. Trotzdem haben wir uns sehr amüsiert, viel gelacht und trotz der Hitze noch einiges unternommen.</p>
<p>Im Herbst wurden Teile des neuen RAMBO-Filmes &#8222;Last Blood&#8220; auf Teneriffa gedreht. Sylvester Stallone war mehrere Tage auf der Insel, viele Strassenzüge und Marktplätze wurden wegen der Dreharbeiten weiträumig abgesperrt. Eine Menge Fans hat der Mann auf jeden Fall immer noch und wir hoffen, dass wir im fertigen Film einige Drehorte auf der Insel wieder erkennen.</p>
<p>Die Rosen blühen immer noch mehrmals im Jahr in unglaublicher Pracht, mittlerweile ernten wir eigene Tomaten (im Dezember?) und an Silvester haben wir aufgrund 25° im Schatten die ganze Nacht gegrillt. Das typische Raclette zum Jahresende haben wir auf die erste Januarwoche bei abgekühlten 23° verschoben.</p>
<p>Das Wichtigste zum Schluss:</p>
<p>Mit tatkräftiger Hilfe aus dem Bekannten- und Freundeskreis haben wir dieses Jahr einen Carport, einen TV-Schutz, einen beleuchteten Zierbrunnen aus Holz gebaut und unsere mitgebrachte Bierzeltgarnitur wieder aufgemöbelt, alles in Eigenregie. Extra Dank dafür an Elmar und Frank, das hat toll geklappt!</p>
<p>An genau 120 Tagen habt ihr uns aus Deutschland besucht, nicht eingerechnet dabei sind die Kurztrip-Urlauber, die jeweils nur einen Tag blieben. Dafür nochmals einen kräftigen Dank, dass ihr uns hier nicht vergessen habt auf der Insel. Ihr seid jederzeit wieder alle willkommen, wir freuen uns auf die Abwechslung und die Zeit mit euch. Wir können euch versprechen, die Insel schwimmt nicht weg, sie ist morgen auch noch da. Und so freuen wir uns auf ein Wiedersehen im Jahr 2019!</p>
<p>Hasta luego . . .</p>
<p style="text-align: center;"></p>
<p>&nbsp;</p>

<p>Zeit für einen neuen Jahresbericht: Nochmal zur Erinnerung, am 6. Januar 2017, also vor genau 2 Jahren setzte unser Flieger hier am Südflughafen auf. Im ersten Jahr waren wir wie erwartet damit beschäftigt uns gemütlich einzurichten. Zudem haben wir viel Zeit damit verbracht, Land und Leute kennenzulernen. Die Insel ist vom Verkehrswegenetz her überschaubar und &#8230; <a title="el segundo año" class="read-more" href="http://rcml.de/es/das-zweite-jahr-auf-der-insel" aria-label="Leer más sobre Das zweite Jahr auf der Insel">Leer más</a></p>
